*b = -165. Suppose 367 = 5*f + 72. Let y = f + b. What is the units digit of y?
6
Let y be ((-10)/(-6))/(2/6). Suppose -k - 32 = -y*k. Let t = -1 + k. What is the units digit of t?
7
Suppose -5*z + 3*r + 7 = 0, -r = z + 4*z - 11. Let u(b) = -b + 7 + 2*b + z*b. What is the units digit of u(5)?
2
Suppose -4*l + 4*a + 4 = 0, -3*l + 11 = 2*l + a. Suppose 5*h - 2*h + p = 364, 0 = -4*h + p + 476. Suppose h = l*r - 0*r. What is the units digit of r?
0
Let t(m) = 3*m - 20 - 3*m - 3*m. Let g be t(-10). Suppose -g*v = -14*v + 36. What is the units digit of v?
9
Let q(l) = 2*l**2 - 10*l + 27. What is the units digit of q(-14)?
9
Let n be 0 - (1 - -1 - 18). What is the units digit of 305/4 - 4/n?
6
Let h(r) = -r**3 + 10*r**2 + 9*r + 11. Suppose -4*g + 20 = 0, 0*g - 5*g = -4*z + 15. What is the hundreds digit of h(z)?
1
Suppose -3*g = -x + 28, 3*g - 2*x + 26 = -3*x. Let p(c) = c**3 + 11*c**2 + 11*c + 21. What is the tens digit of p(g)?
8
Let x = 2 - -1. Let d(u) = -60 + 7*u**2 + 60 - 2*u - 2*u. What is the units digit of d(x)?
1
Suppose 43*h + 9450 = 61*h. What is the units digit of h?
5
Let c be 1/(((-2)/6)/1). What is the tens digit of ((-670)/(-25))/(c/(-15))?
3
Let y = -17 + 17. Suppose 4*s + 330 = 5*f, 2*s - 5 - 5 = y. What is the units digit of f?
0
Let w(u) = u**2 + u + 283. Let d be w(0). Suppose 2*x - d = -2*x - 3*b, -3*x + 225 = -2*b. What is the tens digit of x?
7
Let j = 1588 + -663. What is the units digit of j?
5
Let h be (-10)/(-20) - 5/(-2). Suppose -2*l + 26 = -l - 2*q, -h*l + 78 = -2*q. What is the tens digit of l?
2
Suppose 0 = -5*c + 4*c. Suppose 0 = 3*r - r + 2*o - 352, -2*o + 2 = c. What is the hundreds digit of r?
1
Let g = 2070 - 1025. What is the units digit of g?
5
Let c(h) = -h**3 + 28*h**2 - 35*h + 54. What is the tens digit of c(26)?
9
Let c(z) = -32*z**3 + z**2 + 2*z + 2. Suppose -3*y + 10*y + 7 = 0. What is the units digit of c(y)?
3
What is the tens digit of (24/28)/(3 + 8732/(-2912))?
2
Let x = -3 - -63. What is the tens digit of 2510/x + 14/12 + -1?
4
Let m(y) = 84*y - 11. Let z(s) = 85*s - 11. Let j(d) = -3*m(d) + 4*z(d). What is the units digit of j(2)?
5
Let t(j) = 5*j**2 - 4*j + 4. Let q be t(-4). What is the units digit of (40/q)/(2/60)?
2
Suppose -24*k + 28*k = 444. What is the units digit of ((-52)/(-20) - 2) + k/15?
8
Suppose 0 = -3*w + 2*w + 3. Suppose 4*x - z = 37, 0 = -w*x + 4*x - 4*z + 2. What is the tens digit of x?
1
Suppose -5*m = -m + 80. Let n be m/(-3) + (-7)/(-21). What is the units digit of (-2)/((-2)/n) + 1?
8
Let i(v) = -v + 11. Let c be i(7). What is the units digit of -1*((-1588)/20 - c/(-10))?
9
Let j(t) = 444*t + 361. What is the thousands digit of j(8)?
3
Suppose -16*r + 4966 = -3466. What is the hundreds digit of r?
5
Let a = -37 + 2. Let v = 57 + a. What is the units digit of v?
2
Suppose f - 4 = -4*g + 3*g, 4*g - f - 26 = 0. Let u(t) = -t**3 + 9*t**2 + 13*t. What is the units digit of u(g)?
6
Suppose 0 + 15 = 3*p. Let m be 15/(-3)*6/p. Let z(g) = -2*g - 9. What is the units digit of z(m)?
3
Let p be (-9)/6 - 42/(-12). Let d(s) = s**2 - s + 2. Let i be d(p). Suppose -3*c + 48 = -i*q, 0*q + 15 = 5*q. What is the units digit of c?
0
Let t(w) = -27*w + 3. Let y = -38 + 36. Let n be t(y). Suppose 2*i - 45 = n. What is the tens digit of i?
5
What is the units digit of 9 - -7*476/4?
2
Suppose -3*b = 192 + 594. Let s = b + 504. What is the tens digit of s?
4
Suppose 4*q + g - 11 = -0, 3*g - 1 = -4*q. Suppose 5*a = 4*d + 2*a - 663, 0 = q*a - 12. What is the units digit of d?
8
Suppose 0 = -2*b + 10*b - 1008. What is the units digit of b?
6
What is the hundreds digit of ((-2502)/(-5))/(6 - 513/90)?
6
Let t be 173/(-9) + 8/36. Let y = 16 + t. Let q(n) = -6*n + 5. What is the units digit of q(y)?
3
Let c(w) = w**2 - 2*w - 4. Let g be c(4). Suppose k + g*i = -0*k + 58, 126 = 3*k - 4*i. What is the units digit of k?
6
What is the thousands digit of (435/10)/(1295/(-650) + 2)?
5
What is the units digit of ((-17)/(-2))/(12*13/1560)?
5
Suppose 0 = -5*z + 5*a - 25, -4*z + 3*a - 2 = 13. What is the tens digit of (z + -15)*(-10 + 9)?
1
What is the hundreds digit of (8/1)/((-12)/(-750))?
5
What is the units digit of (30/(-21))/5 - 1950/(-14)?
9
Let w = 255 - 130. What is the tens digit of w?
2
Suppose 0 = 9*a - 10*a + 2, -4*a = 5*s - 14388. What is the thousands digit of s?
2
Let x be 1/(4 - (-108)/(-28)). Suppose 2*j - x = 3. What is the units digit of j?
5
Let k = 1030 - -805. What is the tens digit of k?
3
Suppose 5*i - 15 - 765 = 0. Let u = -73 + i. What is the tens digit of u?
8
Suppose 0 = 21*v - 12625 - 5897. What is the hundreds digit of v?
8
Let z(s) = -12*s**2 - 3*s + 1. Let y be z(2). Let r = y - -29. Let q = r + 45. What is the units digit of q?
1
Let d be 2*33*(-3)/(-18). Suppose d*v - 9*v = 518. What is the hundreds digit of v?
2
Suppose 14*r - 65912 = -42*r. What is the hundreds digit of r?
1
Let m = 15 + -11. Suppose 41 = m*x - 23. Suppose -14*z - 56 = -x*z. What is the units digit of z?
8
Let b(z) = -3*z**3 + z**2 + 4*z + 4. Let j be b(-3). Suppose 5*r = -j + 22. What is the units digit of -1 - r - (-4)/(-2)?
9
Let v(w) = -w**3 + 7*w**2 + 2*w + 2. Let j be v(7). Let z be 0/(j/4) + 64. Let r = -41 + z. What is the tens digit of r?
2
Let g = -89 + 88. What is the units digit of 3 - ((-111)/6*-6)/g?
4
Let k be (3/5)/(16/80). Let n be k/(-1 + 7/10). Let u(v) = -v + 4. What is the units digit of u(n)?
4
Suppose -9*u = -1227 - 3903. What is the units digit of u?
0
Let j = -7 - -4. Let g(r) = -5*r**3 - r**2 + 4*r + 4. Let y(t) = 14*t**3 + 2*t**2 - 11*t - 12. Let x(z) = -17*g(z) - 6*y(z). What is the tens digit of x(j)?
2
Suppose -4*p = -19067 + 259. What is the hundreds digit of p?
7
Let z be 0 - -1 - -238 - 0. Let d be 4/16 + z/4. Suppose 5*r = -5*g + 15, d = 5*r + 2*g - 6*g. What is the units digit of r?
8
Suppose 3*v + 2*v - 25 = 0. Suppose 0 = -4*x + 12, 22 + 15 = t + 2*x. Let k = t - v. What is the tens digit of k?
2
Suppose -r + 418 = 2*b, 972 = 4*b - 4*r + 112. Let g = b - 113. What is the units digit of g?
8
Let s = -5372 - -10872. What is the hundreds digit of s?
5
Let q(z) be the first derivative of -z**3/3 + 5*z**2/2 - 3*z + 38. Let w = 4 + -2. What is the units digit of q(w)?
3
Let r = 3 + -3. Let t(h) = h + 5. Let s be t(r). Suppose s*x = 71 - 1. What is the tens digit of x?
1
Let v be (-22)/(4 + (-18)/4). Let j = 45 - v. What is the units digit of j?
1
Let o(n) = 10*n - 5*n + 2*n - n**2 - 5. Let u be o(5). Suppose -2*l + 16 = -u*y + 41, 5*y = l + 25. What is the units digit of y?
5
Suppose 5*z - 4*v = -7*v + 16, -5*z - 5*v + 10 = 0. Suppose -5*c = -z*i + 3*i - 353, -2*i - 77 = -c. What is the tens digit of c?
6
Let g be (-4 - 26)*2/(-4). What is the units digit of -7*(4/1 - g)?
7
Let g(d) = -d**3 + 8*d**2 + 10*d - 16. Suppose 2*w - 3*c = 25, -5*w + 25 = 5*c - 0*c. What is the units digit of g(w)?
4
Suppose 17*u - 8 = 21*u. What is the units digit of 68 - (5 + u + -7)?
2
Suppose 0*o + 8 = -m - 4*o, 3*m + 2*o = -4. Suppose r - 43 = -4*t, 0 = r - m*r + 3*t - 38. What is the tens digit of r?
2
Let y be (-2)/3 - 2800/(-24). Let r = 262 - y. What is the units digit of r?
6
Let a(r) be the third derivative of -13*r**6/30 - r**5/60 - r**4/24 - r**3/6 - 5*r**2. Let g be a(-1). Let u = 74 - g. What is the tens digit of u?
2
Suppose 0 = -3*m - 5*g - 201, -2*m - m = 4*g + 204. Suppose 110 = -3*t - 34. Let h = t - m. What is the tens digit of h?
2
Suppose 3*j - 6 - 3 = 0, -3*s - 288 = -j. Let v = -83 - s. What is the units digit of v?
2
Let c(f) = f**3 + 18*f**2 - 21*f - 15. Let i be c(-19). Let m = 54 - i. What is the tens digit of m?
3
Let x = 2367 + -1646. What is the units digit of x?
1
Let w(o) = 15*o**3 + 2*o**2 - 4*o + 3. Let z be w(1). Suppose 316 + 2004 = z*r. What is the tens digit of r?
4
Let o(j) be the second derivative of -j**4/12 - 11*j**3/6 - 5*j**2/2 + 8*j. Let h be o(-11). Let i(s) = -s**2 - 12*s - 5. What is the units digit of i(h)?
0
Let l = 51 + -58. Let n(t) = -t**3 - 5*t**2 + 9*t - 6. What is the units digit of n(l)?
9
Let h(q) = -q**3 + 11*q**2 + 28*q - 3. What is the units digit of h(10)?
7
Let n be 4/(-2 + -2) - -187. Let u = n - 91. What is the units digit of u?
5
Let r = 5 - 1. Suppose u - 7 = -r. Suppose -4*p + 41 = -u. What is the units digit of p?
1
Let o(i) = 29*i + 